s -14 - -11?
-3
In base 5, what is -3 - -31?
23
In base 13, what is 36 + -15b?
-125
In base 2, what is 101 + -111101011?
-111100110
In base 7, what is -1 - 1003?
-1004
In base 10, what is 28 + -274?
-246
In base 12, what is -628 - 4?
-630
In base 16, what is 0 - 11?
-11
In base 14, what is 5 - 65d?
-658
In base 10, what is -4 - 102?
-106
In base 10, what is -1 + 984?
983
In base 14, what is 4 - 8?
-4
In base 11, what is -9 - -3?
-6
In base 6, what is 0 + -21212?
-21212
In base 2, what is 11 + -10?
1
In base 15, what is d + 13?
21
In base 13, what is 51 - 1?
50
In base 10, what is -19 + 15?
-4
In base 15, what is 1 - 345?
-344
In base 7, what is -5 - 14616?
-14624
In base 9, what is 5 - -160?
165
In base 7, what is 11 - -63?
104
In base 14, what is -39 - -32?
-7
In base 12, what is -a + 29a?
290
In base 13, what is -126 - 3?
-129
In base 2, what is -10110 - -100010?
1100
In base 11, what is 0 + 640?
640
In base 7, what is 1 + -5436?
-5435
In base 10, what is -91 + -5?
-96
In base 15, what is -17 - 3?
-1a
In base 15, what is 3 - 4a?
-47
In base 6, what is -30 + -11?
-41
In base 13, what is -5b1 - -16?
-598
In base 7, what is -2 + -1405?
-1410
In base 4, what is 203011 + -3?
203002
In base 10, what is 66 - 8?
58
In base 2, what is -1 - -1000110011011?
1000110011010
In base 16, what is -1237 - 3?
-123a
In base 6, what is -4 + 130?
122
In base 15, what is -20 + 8?
-17
In base 5, what is 10 + -10334?
-10324
In base 14, what is -2d7a - -4?
-2d76
In base 9, what is 37 + 1?
38
In base 16, what is 88 + -2?
86
In base 6, what is 314 + 4?
322
In base 7, what is 1434 - 6?
1425
In base 7, what is -16 + -32?
-51
In base 6, what is -1103 - -2?
-1101
In base 13, what is -3 - -5c5?
5c2
In base 4, what is 1 + -2?
-1
In base 7, what is -20 - -35?
15
In base 12, what is -10a7 - -5?
-10a2
In base 12, what is 213 - 2?
211
In base 14, what is c + -b6?
-a8
In base 11, what is -1410 - 3?
-1413
In base 4, what is 223 + 23?
312
In base 5, what is 134 + 321?
1010
In base 14, what is -24 - 6?
-2a
In base 6, what is 24043 + 5?
24052
In base 8, what is -3 + -1130?
-1133
In base 7, what is 33 - -5?
41
In base 13, what is 4 - -659?
660
In base 11, what is 84 - 4?
80
In base 4, what is 31 - -10212?
10303
In base 4, what is 1130 + -11?
1113
In base 5, what is -342 + 101?
-241
In base 15, what is -66 + -3?
-69
In base 11, what is 200a - -2?
2011
In base 2, what is -1101001 - -1?
-1101000
In base 15, what is 2 - 38e?
-38c
In base 5, what is 30 + -14?
11
In base 10, what is 0 - 4903?
-4903
In base 8, what is 2 - 12?
-10
In base 12, what is 21 + -101?
-a0
In base 7, what is -3 - 10230?
-10233
In base 9, what is 3 - 237?
-234
In base 10, what is 25 + -5?
20
In base 3, what is 2112 + 121?
10010
In base 3, what is -2000001 + -21?
-2000022
In base 6, what is -24524 + 5?
-24515
In base 8, what is 262 - 1?
261
In base 8, what is 167 + 11?
200
In base 11, what is 305 + 1?
306
In base 14, what is -5 + -1d?
-24
In base 8, what is -4 + -46?
-52
In base 8, what is -351 - 5?
-356
In base 8, what is -55 + 10?
-45
In base 5, what is -32404 - 20?
-32424
In base 9, what is -3006 + 0?
-3006
In base 16, what is -2 - -84?
82
In base 10, what is -6 + 793?
787
In base 5, what is 1243 + 0?
1243
In base 2, what is -1100100110 + -10?
-1100101000
In base 9, what is -340 + -22?
-362
In base 6, what is -104 - -342?
234
In base 8, what is 3 - -5002?
5005
In base 8, what is -4 - 517?
-523
In base 16, what is 84 + 31?
b5
In base 10, what is 10 - 1636?
-1626
In base 11, what is 7 + 15?
21
In base 13, what is 1149 + -5?
1144
In base 5, what is -11 - 132?
-143
In base 6, what is 5 + 10013?
10022
In base 15, what is 1e4 - 2?
1e2
In base 6, what is -1101 + -1?
-1102
In base 14, what is 4 + -6c?
-68
In base 13, what is -28 + -7?
-32
In base 10, what is -20 - 14?
-34
In base 15, what is -11a - -9?
-111
In base 2, what is 11110 - 101110011?
-101010101
In base 8, what is -1 - -44?
43
In base 16, what is 4 - -5fd?
601
In base 15, what is -1 - -14?
13
In base 13, what is -1 - -66?
65
In base 12, what is -4 - 16?
-1a
In base 5, what is 4334 + 4?
4343
In base 5, what is -1033 + 0?
-1033
In base 16, what is 5 - -3e?
43
In base 14, what is 190b - -1?
190c
In base 9, what is -16 - 44?
-61
In base 14, what is -3 - -1?
-2
In base 12, what is -3b + -4?
-43
In base 6, what is -32045 - -3?
-32042
In base 14, what is -4 + 2992?
298c
In base 3, what is 120210 + 22?
121002
In base 9, what is -1 + -1317?
-1318
In base 2, what is 11 + -10101?
-10010
In base 13, what is -3 + -170?
-173
In base 12, what is -733 + 1?
-732
In base 16, what is 1f + 1a?
39
In base 10, what is -7 + -16?
-23
In base 15, what is 55 + -20?
35
In base 5, what is -2 + -13332?
-13334
In base 7, what is 121 - 2?
116
In base 5, what is 1103 + 4?
1112
In base 9, what is 362 - 4?
357
In base 16, what is -153 + 11?
-142
In base 11, what is -3 - a9?
-101
In base 4, what is -210010 + -11?
-210021
In base 11, what is 1 + 61a?
620
In base 6, what is 145 + 1?
150
In base 8, what is -371 - -7?
-362
In base 5, what is -10110 - 1?
-10111
In base 13, what is -3 - 49?
-4c
In base 16, what is -3 + -9f?
-a2
In base 15, what is 1c5 - 29?
19b
In base 15, what is -4c - 22?
-6e
In base 6, what is 4 - 33054?
-33050
In base 13, what is -11 + 11?
0
In base 13, what is 61 - 5?
59
In base 9, what is 62 - 13?
48
In base 8, what is -5602 - -4?
-5576
In base 9, what is 560 - 0?
560
In base 11, what is 1 + -271?
-270
In base 10, what is 4 + 466?
470
In base 7, what is -16 + -2?
-21
In base 15, what is 2e + -28?
6
In base 15, what is 460 + 2?
462
In base 13, what is -1a6 - -11?
-195
In base 5, what is 243 + -10?
233
In base 2, what is 1 + 11010?
11011
In base 9, what is 22 + 0?
22
In base 6, what is 1533 + 5?
1542
In base 8, what is 205 + 10?
215
In base 12, what is 5 - -113?
118
In base 8, what is -123 - 3?
-126
In base 12, what is -2b7 + 4?
-2b3
In base 12, what is -77 - 242?
-2b9
In base 14, what is 273 + 3?
276
In base 8, what is 1 - 0?
1
In base 11, what is -99a + -2?
-9a1
In base 5, what is -1033 - 4?
-1042
In base 2, what is -1111 + 10010?
11
In base 5, what is 2 - -200?
202
In base 9, what is -2 + -417?
-420
In base 7, what is 4666 + 1?
5000
In base 2, what is -110010000010 - -100?
-110001111110
In base 16, what is -2 + -29d?
-29f
In base 4, what is -32013 + -10?
-32023
In base 14, what is -368 + 2?
-366
In base 15, what is -32 - -1?
-31
In base 9, what is 11 + -572?
-561
In base 11, what is -3597 - 5?
-35a1
In base 14, what is a52 - -3?
a55
In base 2, what is 1110 + -10011000101?
-10010110111
In base 13, what is 10b - 3?
108
In base 13, what is a5 + -1?
a4
In base 16, what is -1 - 2c?
-2d
In base 7, what is 1541 - -3?
1544
In base 5, what is -2 + 202123?
202121
In base 14, what is 3 + 18?
1b
In base 11, what is 3 + -1281?
-1279
In base 8, what is 1162 + 0?
1162
In base 11, what is 92 + 2?
94
In base 7, what is -36 + -1?
-40
In base 11, what is 3 - 277?
-274
In base 8, what is 355 + 4?
361
In base 13, what is -a - 3c?
-49
In base 6, what is -540 + 2?
-534
In base 2, what is -1011 + -10100?
-11111
In base 11, what is -4 + 1461?
1458
In base 8, what is -1146 + -4?
-1152
In base 9, what is 25 - 67?
-42
In base 7, what is 0 + -244?
-244
In base 2, what is -100 + -10000100001?
-10000100101
In base 16, what is -1 + -5a?
-5b
In base 3, what is 1100 + 10?
1110
In base 2, what is 101 + 1001?
1110
In base 15, what is -4 + -7a8?
-7ac
In base 4, what is 11002 - 10?
10332
In base 7, what is 26 - -4?
33
In base 11, what is 5 - 51?
-47
In base 12, what is -69 - -4?
-65
In base 11, what is -3862 - -5?
-3858
In base 7, what is -20 + -130?
-150
In base 7, what is 1 + -2155?
-2154
In base 13, what is -13b + -4?
-142
In base 13, what is 1073 - 2?
1071
In base 2, what is 110000011111001 - 101?
110000011110100
In base 4, what is -22 - 212?
-300
In base 5, what is -344 + 1?
-343
In base 3, what is -10 - 212?
-222
In base 13, what is -1 + -60?
-61
In base 6, what is -10250 + -2?
-10252
In base 7, what is 5 - 110?
-102
In base 13, what is -4 - -11?
a
In base 15, what is 582 + 5?
587
In base 16, what is -1 - e5?
-e6
In base 14, what is -5b - -14?
-47
In base 12, what is -1472 + 1?
-1471
In base 2, what is 110 + 0?
110
In base 13, what is -13 - -23?
10
In base 11, what is 668 + 5?
672
In base 6, what is 3 - 22?